l(t) = t**3 - 5*t**2 - 8*t - 4. Give l(m).
-16
Let s be (-4)/60 - (-19090)/1725. Let m(v) = 6*v**2 + 11*v - 6. Let q(o) = -5*o**2 - 11*o + 6. Let k(h) = 6*m(h) + 7*q(h). What is k(s)?
6
Let y be (-435)/(0 + 3 - 2/1). Let z = y - -1160. Let s(h) = -h - 732 + z + 3*h. Give s(8).
9
Let z = -143 + 77. Let q = 66 + z. Let l(k) be the second derivative of k**4/12 - 3*k**2/2 - 3*k. Give l(q).
-3
Let g be 4/(-26) + 46883/(-2249). Let r(f) = f**3 + 24*f**2 + 62*f + 4. Give r(g).
25
Let c(q) = -5*q - 61. Let u(o) = 14*o + 173. Let a(l) = 17*c(l) + 6*u(l). Let t(p) = 4*p**2 - 3*p - 5. Let v be t(-1). Give a(v).
-1
Suppose i = 31 + 12. Suppose 3*q + 3*l + i = 145, 4*q - l - 141 = 0. Let u(m) = q*m - 7*m - 26*m + 4. Determine u(-3).
-2
Suppose 0 = -5*l + 5, 5*x = -l + 306. Let m = x + -60. Let q(r) = 2*r. Give q(m).
2
Let s(x) be the second derivative of x**5/20 - x**4/2 + x**3/3 - 6*x**2 - x + 1509. What is s(6)?
0
Let k = -13 + 18. Let h(w) = 3*w - 71. Let p be h(25). Let s(j) = p*j - k + 6 - 3. Calculate s(4).
14
Let d(k) = 2536*k**2 + 19 - 1268*k**2 - k**3 - 1274*k**2 + 7*k - 3*k. Give d(-6).
-5
Let m(d) = 45*d**2 + 7*d + 7. Let l be m(-1). Let i(b) = -8 - 39*b**2 + 85*b**2 - 4*b - l*b**2. What is i(6)?
4
Let x(q) = -q**3 + 5*q**2 + 106*q + 9. Let w(j) = -3*j**3 + 14*j**2 + 300*j + 25. Let c(s) = -6*w(s) + 17*x(s). Calculate c(3).
45
Suppose 0 = 4*m - 3*f + 1891, -4*m - 2*f = -4*f + 1886. Let h = m + 473. Let r(y) = -y**2 + 4*y. Determine r(h).
0
Suppose r - 11 = -4*y, y = -0*y - 2*r + 1. Let d be 3 - (y - (0 - -8)). Let w(b) = d + 3 + 3 - b. Calculate w(10).
4
Suppose -i + 4*i + v + 3 = 0, 3*i = 4*v - 18. Let t(f) be the second derivative of 3*f**5/20 + f**3/2 + f**2 - f - 359. Give t(i).
-28
Let a be (-3)/(-4 + -2)*-12. Let r(h) = 7*h**2 + 7*h - 4. Let j(b) = -2*b**2 - b + 2. Let t(p) = -6*j(p) - 2*r(p). Calculate t(a).
-28
Suppose 0 = -j - 4*c + 16, -3*c = -4*j - 0*j - 12. Let r(l) = -2*l**2 - l + 4. Give r(j).
4
Let z(y) = 7*y**2 - 2*y - 1. Let a(n) = -n**3 - 13*n**2 - 30*n - 1. Let i = -110 + 100. Let h be a(i). Determine z(h).
8
Let w(r) = 0 + r - 7 - 4. Give w(4).
-7
Let k(w) be the first derivative of w**3/3 + w**2/2 + 36. Let m(c) = -6*c**2 - 4*c + 2. Let j(u) = -5*k(u) - m(u). Determine j(-3).
10
Let t(f) be the third derivative of -f**4/8 + f**3/2 - 185*f**2. Calculate t(-2).
9
Let m(o) = 7*o**3 - 27*o**2 - 67*o - 1. Let a(v) = 9*v**3 - 27*v**2 - 65*v - 1. Let k(h) = -4*a(h) + 5*m(h). Calculate k(-3).
8
Let p(m) = -m**3 + 2*m**2 + 2*m + 3. Let v(g) = g**3 - 15*g**2 - 3*g + 47. Let l be v(15). Suppose -9*k + 7 = -6*k + 2*f, 0 = -2*k - l*f + 4. Calculate p(k).
0
Let f(t) be the third derivative of t**6/120 + 3*t**5/10 + t**4/12 - 10*t**3/3 - 890*t**2. Determine f(-18).
-56
Let b be (3 - 19 - -10)*1*-2. Let y(g) be the first derivative of g**3/3 - 7*g**2 + 26*g + 13. What is y(b)?
2
Let t(d) = 2*d + 1 + d**2 + d - 5*d. Let k be (-2)/22*-1 + 2136/(-264). Let r be -6 + (23 - 8) + k. Determine t(r).
0
Let g(z) be the third derivative of z**5/60 - 5*z**4/8 - z**3/2 - 4*z**2 + 35*z - 4. Calculate g(14).
-17
Let p(i) = -18*i**3 + 64*i**3 + 7*i - 22*i**3 - 6*i**2 - 23*i**3 + 6 + i. What is p(6)?
54
Let y(f) = 4*f + 6. Let a(n) = n**2 + 3*n - 9. Suppose -5*w - 14 = 6. Let z be a(w). Calculate y(z).
-14
Let l(f) = -20*f**2 + 1. Let i(v) = 20*v**2 - 1. Let h(o) = 4*i(o) + 5*l(o). Let w be 6*(-6)/18 - -1. Give h(w).
-19
Let k(o) = 118*o**3 - 9*o - 117*o**3 + 58 - 58 + 6*o + 159 + 13*o**2. What is k(-14)?
5
Suppose 285*z - 280*z - 15 = -4*k, 15 = -2*k + 5*z. Let g(v) = 2*v**3 - v + 0 + 3 - v**3. Calculate g(k).
3
Let t(n) be the first derivative of -9*n + 1/2*n**2 + 15. Calculate t(0).
-9
Let l(a) be the third derivative of a**5/60 - 7*a**4/12 + 37*a**3/6 + 6*a**2 - 15*a. Determine l(4).
-3
Let m(k) = k**3 + 12*k**2 - 18*k + 13. Let y be (-3 + 4 - 0) + 98/(-4 + -3). Give m(y).
78
Let p(v) = -40*v**3 - 45*v**2 + 10*v + 9. Let x(q) = -q**3 + 5*q**2 - q - 1. Let r(s) = p(s) + 9*x(s). Give r(1).
-48
Suppose -5 = 19*y - 43. Let z(d) = y*d + 47 - 35 + 0*d - 29. Calculate z(7).
-3
Let b(z) = 12*z + 6. Let l(p) = -6*p + 1. Let w(c) = b(c) + 3*l(c). What is w(-2)?
21
Suppose -151*x = -241 - 363. Let v(k) = k**3 - 5*k**2 + 9. Determine v(x).
-7
Let y(b) be the third derivative of 0*b - 1/6*b**3 - 1/24*b**4 - 1/30*b**5 - 13*b**2 + 0. What is y(-1)?
-2
Let w(g) = -3*g**2 + 7*g - 4. Let k(m) = -5*m**2 + 11*m - 5. Let q(s) = 5*k(s) - 8*w(s). What is q(-8)?
-49
Suppose -5*c + 23 = 5*m + 8, 5*m = -2*c - 12. Let q(j) = -j**2 - 8*j - 11. Calculate q(m).
1
Let q(y) = -2*y**2 - 11*y - 11. Let h(u) = -13*u**2 + 244*u + 53. Let c be h(19). Give q(c).
1
Let q = 48 - 56. Let a(u) = -28*u**2 + 5*u + 3. Let z(t) = 39*t**2 - 8*t - 5. Let h(x) = -7*a(x) - 5*z(x). Give h(q).
28
Let m(g) = 91*g**2 - 48*g - 213. Let d(h) = 114*h**2 - 48*h - 214. Let v(s) = 4*d(s) - 5*m(s). Give v(-5).
-6
Let p = -6920 + 6898. Let z(m) = m**3 + 24*m**2 + 47*m + 68. Calculate z(p).
2
Let z(r) = r**3 + 24*r**2 - 80*r + 29. Let s be z(-27). Let n(o) = -12*o**2 - 5 - 2*o**3 - 11*o + 8 + 23*o**s - 1 + 3*o**3. What is n(-12)?
-10
Let d(j) = -2*j**3 + 49*j**2 - 24*j - 7. Let h = -5763 + 5787. Calculate d(h).
-7
Let c(d) = -d**3 + 15*d**2 - 14*d - 17. Let s = 153 - 140. Give c(s).
139
Let v be (-6)/(-27) + (-12)/54. Suppose v = -4*x - 4, 64 = -f + 8*x - 4*x. Let i = 74 + f. Let k(z) = z - 10. Calculate k(i).
-4
Let i = 132 + -130. Let x(n) = -n - 2. Let d(t) = -3*t - 3. Let r(k) = i*x(k) - 3*d(k). What is r(-4)?
-23
Let r(i) = -2*i**3 + 9*i**2 - 13*i + 6. Suppose 5*s = 5*y - 1301 + 1361, -3*s + y = -22. Determine r(s).
-84
Let n be 0 + (322/23)/2. Let p(a) = -a**3 + 10*a**2 - 12*a + 5. Calculate p(n).
68
Let y(j) = 10*j + 5. Let i = -146 - -152. Let g(p) = -7*p - 4. Let b(z) = i*g(z) + 4*y(z). Calculate b(-6).
8
Suppose 3*o - 3*l - 9 = -4*l, -o + 5*l + 19 = 0. Let x(s) be the first derivative of s**4/4 - 2*s**3/3 - 2*s**2 - 2*s + 6497. Calculate x(o).
14
Let v(u) = -u**3 + 3*u**2 + 3*u. Let g be v(3). Let f(i) = -1 - 6*i + g + 3*i. Suppose 3*a + 27 = 3*b + a, 3*b - 5*a - 27 = 0. Determine f(b).
-19
Let x = -1101 - -1103. Let k(r) = 13*r - 2. Calculate k(x).
24
Let o(m) = -2054*m + 10 + 1024*m + 1028*m - m**2. Calculate o(0).
10
Let s(o) be the second derivative of -11*o**3/6 - 3*o**2/2 - 3*o + 16. What is s(3)?
-36
Let a(q) be the second derivative of -3*q**5/40 + q**4/24 + q**3/6 + 15*q**2/2 - 33*q. Let n(x) be the second derivative of a(x). Calculate n(2).
-17
Let u(l) be the first derivative of 112 - 20/3*l**3 + 0*l**2 + l. Let s(v) = -v**2 + 2*v + 1. Let i be s(2). Determine u(i).
-19
Let t be (-3)/4*(-48)/18 - 9. Let c(p) = -5 - 7*p**2 + 1122*p + 8*p**2 - 1114*p. What is c(t)?
-12
Let k(s) be the third derivative of -s**6/80 - s**5/60 + 31*s**4/6 + 159*s**2. Let y(u) be the second derivative of k(u). Give y(4).
-38
Let o be (-3)/(-15) - 3/15. Let i(v) be the second derivative of v**4/12 - v**3/6 + 5*v**2 - 2*v - 27. What is i(o)?
10
Suppose -10*t = -22 + 2. Suppose -t*l - 37 = -27. Let p(i) = i**2 + 6*i + 1. What is p(l)?
-4
Let t = -138 - -138. Let b(z) = 4*z**3 + z + 5. Let c be b(t). Let v(r) = -r**2 + 3*r - 6. What is v(c)?
-16
Let y(g) = 6*g**3 + g**2 + g + 6. Let n(i) = 5*i**3 + 2*i**2 + 2*i + 6. Let p(l) = 5*n(l) - 4*y(l). Suppose -2*q = 32*q + 170. Give p(q).
1
Let s(r) = -r**3 + 15*r**2 + 4. Suppose -1779*v + 165 = -1768*v. What is s(v)?
4
Suppose 3*b = 4*b + f + 2, 4*b - 8 = 4*f. Suppose 6*u - 29*u = b. Let g(m) be the second derivative of m**5/20 + m**4/12 + m**3/6 + m**2/2 - 4*m. What is g(u)?
1
Let p(f) = 6*f**2 - 19*f - 601. Let z(g) = 5*g**2 - 19*g - 531. Let a(u) = 6*p(u) - 7*z(u). What is a(-6)?
33
Let p(l) = 2*l**3 - 15*l**2 + 8*l - 1. Suppose 3*u = -8 - 592. Let m = u + 207. Calculate p(m).
6
Let r(y) be the first derivative of y**2/2 - 12*y + 352. Let w(h) = -h + 4. Let f be w(-5). Determine r(f).
-3
Let t(s) = 4*s + 3. Let o(b) be the first derivative of -5*b**2 + 5 - 31 - 5*b + 3*b**2 + 2*b. Let z(v) = -3*o(v) - 4*t(v). Calculate z(3).
-15
Let r(f) = f**3 - 5*f**2 - 8*f - 2. Let i(t) = 3*t**3 + 3*t**3 - t**3 - 9*t**2 - 9*t - 4*t**3 - 4. Let a be i(10). Determine r(a).
-14
Let s(u) = 16*u**2 - 445*u - 83. Let c be s(28). Let p(h) = 14*h. Determine p(c).
14
Let i(j) = -3048*j**3 + 6